 remainder when 13 is divided by 1/(z/(-14) + -1).
6
Let z = 173 - 13. Suppose 2*c + 0*s - s = z, 5*s = -20. Calculate the remainder when c is divided by 20.
18
Let j be -65 - (-3 - 0 - -2). Let h = j + 113. What is the remainder when h is divided by 13?
10
Let f = 108 - 100. Calculate the remainder when 118 is divided by f.
6
Suppose 53 + 52 = 3*o. What is the remainder when o is divided by 13?
9
Let v(p) = -12*p - 6. Let b be (-34)/(-4)*(-2 - -4). Suppose -z - b = -70. What is the remainder when z is divided by v(-2)?
17
Let s = -14 + 29. Calculate the remainder when -4*(-7)/1 + 1 is divided by s.
14
Let r be ((-4)/3)/(7/(-21)). What is the remainder when (7/r)/((-1)/(-20)) is divided by -1*(2 + -1)*-18?
17
Let a(t) = 4*t**3 - 3*t**2 - t. What is the remainder when 106 is divided by a(2)?
16
Suppose 2*y = 58 - 6. What is the remainder when y is divided by 9?
8
Let m = -2 + 9. What is the remainder when 26 is divided by m?
5
Let g(p) = -p - 1. Let k be g(-3). Let w = k + 1. Calculate the remainder when 9 is divided by w.
0
Let b = -28 + 35. Calculate the remainder when b is divided by (2/6)/((-2)/(-18)).
1
Let w(r) = 2*r**2 - 2*r - 9. Let v be w(7). Suppose p = -2*t + 64, -2*t - 9 + v = 2*p. What is the remainder when t is divided by 11?
9
Suppose 111 = 5*x + 21. Suppose -20 = -3*h + 2*k, -5*k + 17 = 5*h - 58. What is the remainder when x is divided by h?
8
Suppose 0 = -4*t + 3*z + 81, 108 - 27 = 5*t + 3*z. Calculate the remainder when 53 is divided by t.
17
Suppose 4*y + 43 = 3*w, 3*w + 4*y = 2*w + 41. What is the remainder when 81 is divided by w?
18
Suppose 4*h - 3 = -71. Let b = h - -40. Let d = -9 + b. Calculate the remainder when d is divided by 5.
4
Let z = 53 - 17. What is the remainder when 213 is divided by z?
33
Let x be 45*(-1 + (-28)/(-20)). What is the remainder when 4/x - 482/(-18) is divided by 14?
13
Suppose m - 4*m + 9 = 0. What is the remainder when 24 is divided by m?
0
Suppose 1 + 2 = z. Let c(k) = -k**z + 6*k + 4*k**2 + 5 - k**2 + k**2. Calculate the remainder when 18 is divided by c(5).
8
Suppose 137 = 5*o + 17. What is the remainder when o is divided by 13?
11
Let o = -1 - -22. Let c = -2 + o. Let a = 26 + -16. What is the remainder when c is divided by a?
9
Let g be -11 + -3*4/(-3) + -1. Let q = -6 + -8. Let o = g - q. What is the remainder when 11 is divided by o?
5
Let u = -64 + 129. Suppose u = 3*x - 127. What is the remainder when x is divided by 22?
20
Let q = -8 + 14. Calculate the remainder when -8 + 31 + (-2)/2 is divided by q.
4
Let s = 3 + -2. Let n = 4 - s. Suppose n*m - 14 = m - 2*p, -5*p = 10. What is the remainder when m is divided by 5?
4
Let m(i) = 4*i - 85. What is the remainder when 56 is divided by m(26)?
18
Let d(j) = -2*j**2 - 7*j - 3. Let b be d(-3). Suppose b = -3*c + 9 + 3. What is the remainder when 6 is divided by c?
2
Suppose 0 = 6*y - 3*y - 204. Suppose 0*c + 4*c = y. What is the remainder when 49 is divided by c?
15
Let y = 14 - 6. Let b be (9 + (1 - 2))/2. Suppose 24 - b = 4*o. What is the remainder when y is divided by o?
3
Let h = 2 - 0. Let g(i) = -i - 1. Let y be g(-15). Let u = y + -11. What is the remainder when u is divided by h?
1
Let q(k) = k**3 - 5*k**2 + 6*k - 2. Let d be q(4). Let c(x) = -x**3 + 6*x**2 + 4*x - 9. What is the remainder when 44 is divided by c(d)?
14
Suppose -6*i + 890 = 194. What is the remainder when i is divided by 17?
14
Let z(s) be the first derivative of 2*s**3/3 - 3*s**2 + 11*s - 6. Calculate the remainder when 74 is divided by z(4).
17
Suppose -2*m + 0*m = -6. Suppose -12 = 3*r, -m*v + 8 = 2*r - r. Calculate the remainder when ((-6)/(-9))/(2/21) is divided by v.
3
Let n(j) = -8 - 6 + 5*j + 16. Calculate the remainder when 45 is divided by n(2).
9
Let n = 40 + -12. Let x(w) = w**3 + 11*w**2 - 16*w + 6. What is the remainder when x(-12) is divided by n?
26
Suppose -73 = -4*w - 0*w + 3*c, -2*c + 10 = w. Calculate the remainder when w is divided by 9.
7
Let w be (-1)/3 - (-7)/3. Suppose 4 = w*g - g. What is the remainder when g is divided by 2?
0
Suppose 3*o + 80 = 5*s, 2*s - o = o + 28. Suppose -s = 5*a - 74. Suppose a = 3*u - 28. What is the remainder when 25 is divided by u?
12
Let o(m) = -m**2 + 9*m + 4. Let v = 1 - -5. Let c = 27 + -15. What is the remainder when o(v) is divided by c?
10
Suppose -a = 5 - 18. What is the remainder when 64 is divided by a?
12
Suppose 7*d - 33 = 4*d. What is the remainder when d is divided by 4?
3
Suppose 3*n + 6 = 0, 3*x + 0*x - 23 = 4*n. What is the remainder when x is divided by 4?
1
Let s(j) = 2*j**2 + 3*j - 1. Suppose 0 = -l - l + 4*b + 12, -5*l - 3*b = -43. Let z = l - -15. What is the remainder when z is divided by s(-3)?
7
Let n be -4*((-11)/4 + 2). Suppose 5*x - 13 - 12 = -n*d, 3*x - d - 1 = 0. Suppose 0*s + 36 = x*s. What is the remainder when s is divided by 10?
8
Suppose w - 1 - 5 = 0. Suppose w*s - 45 = s. What is the remainder when 17 is divided by s?
8
Suppose -2*t = 2*t. Suppose 5*f = 2*f + 3. Suppose t = m + 2*i - 4*i - 10, f = -i. What is the remainder when 23 is divided by m?
7
Let c(q) = -q**3 - 7*q**2 - 10*q - 10. Suppose 27 = 2*w - w. What is the remainder when w is divided by c(-6)?
13
Let i be 2 - -1*6/3. Suppose -5*y + a + 243 = -2*y, i*y - 4*a = 332. What is the remainder when y is divided by 27?
26
Suppose 4*s + 234 = -10. Let j = -39 - s. What is the remainder when j is divided by 12?
10
Let o be 0/(0 + 0 + -1). Let p = 4 + o. What is the remainder when 7 is divided by p?
3
Let s = 15 - -23. Calculate the remainder when 74 is divided by s.
36
Suppose -c + 4*c = 3. What is the remainder when 2 is divided by c?
0
Suppose -5*p + 5 = -75. Suppose -32 = -2*f - c - 0, 4*f + 3*c = 66. Let z = 21 - f. What is the remainder when p is divided by z?
4
Let i(a) = a + 8. Let u = 1 + 89. Suppose 0 = -2*q + u - 10. What is the remainder when q is divided by i(6)?
12
Let d be 3/2*44/33. Suppose 0 = -2*s - 3*r + 27 + 53, -2*s = d*r - 84. What is the remainder when s is divided by 12?
10
Suppose 0 = -3*l + 4*z + 24, 5*l - 5*z - 36 = -1. Suppose 2 = 4*x - 86. Suppose -x = h - 3*h. What is the remainder when h is divided by l?
3
Suppose 4*h + h - 210 = 0. What is the remainder when h is divided by 23?
19
Suppose 0*b - 65 = -5*b. Suppose 4*a + 0 + 1 = 3*m, a = 5*m - b. Suppose -3*q + 43 = -4*n, -4*n + 36 = m*q - n. Calculate the remainder when q is divided by 5.
3
Suppose 5 = i - 2. Let q(u) = u**2 - 5*u - 5. Calculate the remainder when q(i) is divided by 3.
0
Let v = 17 - 9. Suppose 0 = 4*u - 0*u + 4*t - v, 30 = 3*u - 5*t. Suppose -210 = -u*p - 3*r, 3*p = r + 46 + 66. Calculate the remainder when p is divided by 10.
9
Let x = 100 + -88. Calculate the remainder when 59 is divided by x.
11
Suppose -5*i - 4*s = 6, -i - 9 = 2*s - 3. Suppose a + u - 15 = 0, -2*a + 3*u = -i - 3. Let v = -44 + 73. What is the remainder when v is divided by a?
9
Let b(c) = c**2 + 2*c - 1. Suppose 5*y - 93 = -3*i, 5*i - 2*y - 171 = -5*y. Suppose 0 = w + 2*w - i. Calculate the remainder when b(-6) is divided by w.
11
Suppose 20 = -2*r - 2*r - 3*a, -a - 8 = 2*r. Suppose -10*l + 70 = -5*l. Let s = r + l. Calculate the remainder when 22 is divided by s.
10
Suppose -4*i - 5*y = i - 40, 0 = 5*i + 2*y - 34. Suppose i*c = -4*r + 2*c + 40, 0 = -2*r + 2*c + 4. What is the remainder when 21 is divided by r?
3
Let b = -12 + 24. Let u be 424/b - 1/3. Suppose u = 2*x + 3*x. What is the remainder when 25 is divided by x?
4
Suppose 4*x - c - 6 = x, -x + 4*c - 9 = 0. Suppose -x*g + q = g - 133, -q + 3 = 0. Let h = g + 5. What is the remainder when h is divided by 20?
19
What is the remainder when (17 - 1) + (-2)/2 is divided by 6?
3
Let t = 70 + -61. Calculate the remainder when 34 is divided by t.
7
Let l(g) = -g**2 + 23*g + 7. Let k be l(25). Let b be (1 - 2)*(-10)/2. Calculate the remainder when 17 is divided by (-4)/(-10) - k/b.
8
Let a(v) = v + 1. Let t be a(2). Suppose -83 = -t*j + 13. What is the remainder when j is divided by 11?
10
Let d = -5 - -7. Suppose d*x + x - 1 = l, -2*l = -5*x. Let p = 5 - x. What is the remainder when 8 is divided by p?
2
Let z = 17 + -14. Suppose z*h - 50 = -2*f + 129, 232 = 4*h + 4*f. What is the remainder when h is divided by 16?
15
Suppose 5*o - 142 = -5*z + 28, 2*o - 30 = -z. What is the remainder when z is divi